 -a**3 + 6*a**2 + 2*a - 5. Let j be (-6)/(-5)*30/12. Suppose 2*v + j*v = 80. What is the remainder when b(5) is divided by v?
14
Let z = 49 - 44. Suppose -17 = -z*c + 3. What is the remainder when 23 is divided by c?
3
Suppose 3*s = -4*r + 1726, -4*s - 32*r + 2301 = -27*r. What is the remainder when s is divided by 48?
46
Suppose 4*h + 5*q - 17 = 0, -4*h + 4*q = -0*q - 8. Let l(s) = 6*s - 69. Let c be l(11). Let g = c - -7. Calculate the remainder when g is divided by h.
1
What is the remainder when (-3)/6 + 5825/10 + -2 is divided by 53?
50
Suppose -x - 5*q + 1 = -4*x, 5*x - 5*q = 5. Suppose -2*u + 270 = -i + x*i, 5*u - 538 = -4*i. Calculate the remainder when i is divided by 46.
45
Let p be 2*36/8*(-1)/(-3). Suppose 3*y + p*q = 70 + 179, q - 245 = -3*y. Calculate the remainder when y is divided by 17.
13
Let k = -9 + 16. Suppose 0 = 9*c - 41 + 5. Suppose -4*w = -3*b - w + 9, -3*b + 37 = c*w. Calculate the remainder when k is divided by b.
0
Let m(i) = 2*i + 980. What is the remainder when m(0) is divided by 82?
78
Let i(x) = x**3 + 15*x**2 + 13*x - 10. Let u be i(-14). Suppose 4*b - 88 = -5*r, 0 = u*b + 4*r + 22 - 106. What is the remainder when 65 is divided by b?
14
Suppose -j = -5*v - 0*v - 19, -j + 19 = 3*v. Let q = j - -39. Calculate the remainder when q is divided by 10.
8
Suppose 0 = -21*x - 0*x + 147. What is the remainder when 89 is divided by x?
5
Let j(k) = 3*k**2 - 6*k - 1. Let z(r) = 3*r - 4. Calculate the remainder when j(5) is divided by z(9).
21
Let t(n) = 2*n**2 - 4*n + 3. Let c be t(2). Let y be ((5/(-5))/(-1))/(1/5). Suppose 2*s = c*s - y. What is the remainder when 19 is divided by s?
4
Suppose -2*g + 140 = 3*g. Let o(a) = -a**3 + 3*a**2 - 2*a + 4. Let c be o(3). What is the remainder when g is divided by (15 + c)*1 - (-1 + 4)?
8
Let x(c) be the first derivative of c**3/3 - c**2/2 + 6*c - 5. Let h be x(0). Let o = 4 + h. What is the remainder when o is divided by 3?
1
Let s = -128 + 308. Suppose 11*i - s = -i. Calculate the remainder when 102 is divided by i.
12
Let f(s) = 7*s + 5. Let v be f(-1). Calculate the remainder when 112 is divided by (-1)/(v/(76 + 0)).
36
Calculate the remainder when 128 is divided by 81*((-72)/27 - -3).
20
Let b(k) = -k**3 + 11*k**2 - 8*k + 2. Suppose -16 = -77*f + 75*f. What is the remainder when b(f) is divided by 19?
16
Let f be (-2)/(-6) - 0 - (-385)/105. Suppose 3*p = f*p - 45. Calculate the remainder when p is divided by 24.
21
Let s(x) = x + 11. Let l be s(-6). Suppose 3*b + b = -t - 18, t + 21 = -l*b. What is the remainder when 86 is divided by 7/(-21) - 134/t?
20
Let c(t) = 3*t**3 + 10*t - 7. Calculate the remainder when 725 is divided by c(3).
101
Let s be 4/10 - (-2)/(-5). Let f(i) = -4*i - 4 + 2*i + 8. Calculate the remainder when 14 is divided by f(s).
2
Suppose -62*o + 328 = -58*o. Let h = o + -32. Calculate the remainder when 197 is divided by h.
47
Let q(m) = -2*m**3 - 4*m**2 + 2*m + 4. Suppose -j - x - 23 = -4*j, 3*x = -6. What is the remainder when ((-92)/j)/(2/(-7)) is divided by q(-3)?
14
Suppose -m + 3*m = 5*c + 68, -3*m - 17 = c. Calculate the remainder when 87 is divided by ((-88)/c)/(8/28).
21
What is the remainder when 197 - (0 - (-3 - -1))*-2 is divided by 51?
48
Let o(v) = -12*v - 6. Let u be o(-1). Calculate the remainder when 95 is divided by u/(2/(-16)*36/(-24)).
31
Suppose -9 = -4*z + 3*d, 0*d + 5*d = -3*z + 14. Suppose -90 = 4*a - 6*a. Calculate the remainder when a is divided by 2/z - (-420)/18.
21
Let b = -8 - -12. Suppose 2 = -2*n, -4*h - b - 29 = -3*n. Calculate the remainder when 7/9 - 2/h is divided by 1.
0
Calculate the remainder when (2 + -1)/(-3 - 88/(-29)) is divided by ((-76)/8)/((-4)/8).
10
Let b(r) = -2*r**3 + 6*r**2 - 2*r - 5. Let x be b(4). Calculate the remainder when 23 is divided by -65*(-3)/x*-3.
10
Suppose f - 4*f = -2*i - 403, 3*i = -4*f + 509. Calculate the remainder when f is divided by 44.
43
Let n be -3 - 0/((-4)/1). Calculate the remainder when 41 is divided by (-44)/n*(-3)/(-2).
19
Suppose j - 77 = -8. Suppose 5*a - 5 - 20 = 0. Let d(x) = x**2 - x + 4. Calculate the remainder when j is divided by d(a).
21
Calculate the remainder when 38 is divided by (-285)/(-20) + (-15)/12.
12
Let h be (3 - 1/1)*25/10. Suppose 4*w - 2*w - 76 = 3*b, 113 = 3*w - h*b. Let m(i) = i**3 + 2*i**2 - 2*i + 3. What is the remainder when w is divided by m(2)?
11
What is the remainder when 315 is divided by (-13)/(-39) + 1364/12?
87
Suppose 4*u - 5*m - 6 = 0, 2*u + 2*m = 5*m + 4. What is the remainder when 49 + ((-2)/u - 0) is divided by 9?
6
Let n be (0/3)/(-3 - 0). Suppose -4*f + 11 = 4*k - 37, -k + 4*f + 12 = n. What is the remainder when 81 is divided by k?
9
Let r(g) = -g**3 - 6*g**2 + 14*g + 5. Let o be r(-9). Let p = 344 - o. Calculate the remainder when p is divided by 45.
42
Suppose 18*c + 196 = 46*c. Calculate the remainder when 543 is divided by c.
4
Suppose -4*m + 7 - 19 = 0. Calculate the remainder when 187 is divided by (-113)/m - (1 + 20/(-15)).
35
Let j(f) = -f - 8. Let y be j(-13). Suppose y*o - 14 = 1, -5*d - 3*o + 89 = 0. Let r = d - -5. What is the remainder when r is divided by 6?
3
Suppose 0 = -4*a - 4 - 232. Let j = 29 + a. Let w = -19 - j. What is the remainder when 63 is divided by w?
8
Let s be 2/3*(-21)/(-2). Suppose -3*y - s - 17 = 0. Let z = y - -17. What is the remainder when 33 is divided by z?
6
Calculate the remainder when 103 is divided by ((-400)/75)/(1/(9/(-6))).
7
Suppose 3*l + 11 = 2. Let x(k) = k**2 - 12*k - 4. Let t(y) = y**2 - 9*y - 3. Let m(o) = 4*t(o) - 3*x(o). What is the remainder when 17 is divided by m(l)?
8
Let u(s) = 1 + 14 - s - 2 - 5*s**3 + 6*s**3. Calculate the remainder when 51 is divided by u(0).
12
Let t = 351 + -341. What is the remainder when 39 is divided by t?
9
Suppose 6*u + 5 = 41. Let y(t) = 6*t - 2. What is the remainder when 101 is divided by y(u)?
33
Calculate the remainder when 11920/(-200)*(-15)/6 is divided by 25.
24
What is the remainder when ((-4)/(-10))/((-10)/(-4000)) is divided by 23?
22
Let i = -381 - -418. Calculate the remainder when 108 is divided by i.
34
Suppose -3*q - 32 = -4*q. Suppose q = -3*y + y. Calculate the remainder when (1*20)/(y/(-24)) is divided by 17.
13
Suppose -5*i + 22 = 2. Suppose -t = a - 3*a + 22, i*t = 16. What is the remainder when a is divided by 8?
5
Let r = -36 - -22. Let a = r - -23. Suppose -5*m + 9 = 5*q - 2*q, -3*q - 4*m = -a. What is the remainder when 3 is divided by q?
0
Let b(p) be the second derivative of p**2 + 0 - 1/10*p**5 - 1/3*p**4 - 6*p + 0*p**3. Calculate the remainder when 57 is divided by b(-3).
17
Let m = 5 - 2. Suppose 2*x - 3 = 2*v - m*v, -4*v + 26 = x. What is the remainder when (-2)/(-2) + 19/1 is divided by v?
6
What is the remainder when 38 - 30 - (-23 - 1) is divided by 20?
12
Let b(h) = h**3 + h**2 - h - 2. Let s be b(0). Let l(z) = -19*z. Let p = -58 + 68. What is the remainder when l(s) is divided by p?
8
Suppose 0 = 97*r - 106*r + 666. Calculate the remainder when r is divided by 25.
24
Suppose -2*v = -129 + 9. Let i = -46 + v. Calculate the remainder when 40 is divided by i.
12
Suppose -6*p + 0*p = -336. Let k(f) = f**2 + 3*f + 2. Let d be k(8). Let t = d - p. What is the remainder when t is divided by 9?
7
Let i(z) = -z**2 - 23*z + 8. Let q be i(-13). Calculate the remainder when 16 is divided by q/30 + (-2)/(-5).
1
Suppose 4*d = -2*x + 126, d + 2*x - 13 - 14 = 0. Calculate the remainder when 82 is divided by d/((-2)/((-12)/9)).
16
Suppose -50 = 3*m - 14. What is the remainder when 80 is divided by 51*((-40)/m + -3)?
12
Let i(m) = 4*m**2 - 18*m - 99. What is the remainder when i(-14) is divided by 47?
44
Let q be (-2 + (-9)/(-6))*-12. Suppose -q*c + 243 = 87. What is the remainder when 103 is divided by c?
25
Let z = -11 + 11. Suppose -7*q + 4*q + 6 = z. Calculate the remainder when 49 + (-3 - -2)*q is divided by 12.
11
Suppose z - 1 = 108. Calculate the remainder when z is divided by 50.
9
Suppose -2*o = -7*o - 2*f + 43, 4*o - 31 = -5*f. Suppose d - b - 6 = b, 16 = -4*b. What is the remainder when (-1848)/(-54) - d/(-9) is divided by o?
7
Calculate the remainder when (((-399)/28)/3)/(3/(-36)) is divided by 19.
0
Suppose -1317 = -85*z + 1998. What is the remainder when 121 is divided by z?
4
Suppose -3*q + 26 = -4*c, 2*c - 5 =